23 - -2711. Calculate the highest common divisor of c and 65.
13
Suppose -47 = -5*x - 4*y + 13, y = x - 3. What is the highest common factor of x and 1972?
4
Suppose -6*q + 185 = -2*q + q. What is the greatest common factor of 2331 and q?
37
Let o be 5*((-1169)/(-70) - 6/4). Let w be (4 - o/18) + 236/9. Let i be (-10)/20 - 573/(-2). What is the highest common factor of i and w?
26
Let o(u) = -257*u**3 + 7*u + 7. Let y be o(-1). Suppose 1292 = -253*v + y*v. Calculate the greatest common factor of 19 and v.
19
Let k be (13 + -49)/(5 - 10035/2005). Calculate the greatest common factor of 18 and k.
18
Suppose -144*h + 59*h = -3825. Calculate the greatest common divisor of h and 3645.
45
Let i = -18024 - -18370. Calculate the highest common divisor of 14 and i.
2
Let v be 8/40 + -4*5277/(-60). What is the greatest common factor of 736 and v?
32
Suppose -2*j + 6*j = w + 701, -5*j + 4*w + 890 = 0. What is the highest common factor of j and 464?
58
Suppose -t - 5*l = -404, 5*t - 8*t = -3*l - 1140. Suppose -19*c - 120 = -24*c. Calculate the highest common factor of t and c.
24
Let z = -1603 - -1621. Calculate the greatest common factor of 18 and z.
18
Suppose 0 = 4*o - 4*v, -o + 5*v = 7*v - 18. Calculate the highest common divisor of o and 1536.
6
Suppose 53*y + 974 = 194*y - 13831. What is the greatest common divisor of 48 and y?
3
Suppose 5*d + 25 = 0, -3*j - 2*d + 54 = d. Let o = -135 + 138. Let g = j - o. What is the greatest common factor of g and 80?
20
Let o be 19*(4/(-48)*-9 - 1243/(-44)). What is the greatest common divisor of 1537 and o?
29
Suppose 0 = r - 4*x - 8, -6 = -3*r + x + 7. Calculate the greatest common factor of r and 244.
4
Suppose 153*v = 2*p + 157*v - 4, 5*v = -4*p + 23. Calculate the highest common divisor of 790 and p.
2
Suppose 256 + 118 = 230*a - 546. What is the highest common factor of 238 and a?
2
Let i be 94*(14/4 - (16 + -13)). Suppose 42*n - i*n = -935. Let s(k) = -k + 30. Let p be s(13). What is the highest common factor of n and p?
17
Let x(p) = 266*p**3 - 3*p + 3. Let d be x(1). Let g(o) = 2*o - 10. Let w be g(6). Let a be (-3 + -3)*1/w + 41. What is the highest common factor of a and d?
38
Let n be (28/(-6))/(4/(-30)). Let y be (-1 - (-1 - 3)) + (-12)/24*-4. What is the greatest common factor of n and y?
5
Suppose -4*m = -278 - 298. Let s be ((-10)/4)/(340/(-1496)) + 1. What is the greatest common factor of m and s?
12
Let j = 5633 - 5258. Calculate the highest common factor of j and 3675.
75
Let u = 393 - 391. What is the highest common divisor of 1378 and u?
2
Let q(r) = 24*r**2. Let i be q(1). Let f be 9*(-8)/(-96) - 26/(-8). Suppose -f*o + 13*o = 288. What is the highest common divisor of i and o?
8
Suppose -7*q - 13 = 1. Let z be (2*2)/(q + 308/152). Calculate the highest common divisor of 19 and z.
19
Let r = 43 + -38. Suppose -2*n + 5*g - 2 = 0, -4 = -5*n + 4*n + r*g. Let q be 0 - 178/(-3) - 4/n. Calculate the highest common divisor of q and 24.
12
Let c(r) = -5*r + 14. Suppose -2*l - 4*x = 54, x - 4*x + 33 = -2*l. Let u be c(l). Let v be -1*(-14 + 6/(-2)). Calculate the highest common divisor of u and v.
17
Let w = 29 + -48. Suppose 0 = 13*z + 390 - 52. Let y = w - z. What is the greatest common divisor of y and 14?
7
Let g(w) = -12 - w**2 - w**2 + 98 + 3 + w**2 + 5*w. Let l be g(12). What is the greatest common factor of 565 and l?
5
Let d be (-1)/((-2)/(9 + -1)). Let l(x) = -x**3 + 6*x**2 + 29*x - 12. Let u be l(9). What is the greatest common factor of d and u?
2
Let q be (140/15)/(-5 + 3)*9/(-6). What is the highest common factor of 2324 and q?
7
Suppose 4*l + 0 = 3*q - 2, 8 = 2*q - l. Let c = 21 + q. Let x = 63 - c. What is the greatest common divisor of x and 12?
12
Let q(u) = -38*u**3 + u**2 + 2*u + 2. Let s be q(-1). Let j = 42 - s. What is the greatest common factor of j and 21?
3
Suppose 0 = 4*a + 91 - 71. Let p be 144 - ((4 - -1) + a). What is the greatest common factor of p and 18?
18
Let z(r) = 3*r + 14. Let b be z(-3). Suppose 385 = 2*v - 2*s - 121, 0 = 2*v + b*s - 520. What is the greatest common divisor of v and 15?
15
Suppose -4*v - 455 = -5*d, -3*v - 3*d = 7 + 314. Let h = -29 - v. Calculate the highest common factor of 1 and h.
1
Let b be 339/12 + 3/(-12). Suppose 4*u - b = 4*q, 0*q = -3*u - 3*q + 39. Suppose -9 = -2*t + 41. What is the highest common factor of u and t?
5
Suppose 0*b + 5*b - 20 = 0. Suppose 19 = 4*w + 3*m, 17 = -w - 2*w + b*m. Calculate the greatest common divisor of 13 and w.
1
Suppose 49*t - 6541 - 7277 = 0. What is the greatest common factor of t and 6?
6
Suppose -109*j - 506 = -131*j. Suppose -j*q = -3855 - 1044. What is the greatest common factor of 355 and q?
71
Let z(q) = -50*q + 1. Let m be z(0). Let c be (-4 + -14*2)*(-1)/m. What is the highest common factor of c and 14?
2
Suppose -3*o - 9*o = -3564. Suppose b = -g + 4*g - o, -3*b = 2*g - 209. Let u be (g/(-8) - -1)/((-1)/2). Calculate the highest common factor of 184 and u.
23
Suppose -2*r - 11550 = -12*r. Suppose 12*c - r = c. What is the highest common divisor of c and 15?
15
Suppose w + 24 = -78*f + 81*f, 2*f = -w + 26. Calculate the highest common divisor of 26 and f.
2
Suppose 4*p - 34 - 94 = 0. Let f be (7232/p)/(6/2 + -1). Suppose -4*r - 3*y + f = 0, 0 = -r + y - 13 + 50. What is the highest common factor of 8 and r?
8
Suppose -b - 3 - 2 = 0, 0 = 3*d - b - 2. Let g be (d/(1/64))/(-2). Calculate the highest common factor of 14 and g.
2
Let k(s) = 4*s + 21*s**3 - 3*s + 128*s**3. Let r be k(1). Let b = -18842 - -18902. What is the greatest common divisor of r and b?
30
Let i(y) = 30*y + 6. Let p = -76 - -78. Let w be i(p). Suppose 2*v - 342 = 4*s - w, -646 = -5*v - s. Calculate the greatest common divisor of 52 and v.
26
Let i = 4877 + -4363. What is the highest common factor of 4 and i?
2
Let s(r) = -r + 71. Let z be s(-10). Let y be -5*(-15)/1 - (z + -83). Suppose -u + 1 + 6 = 0. Calculate the greatest common factor of y and u.
7
Let n be (143 - (1 - 3))*8/(-20). Let v = n - -62. Let w(s) = s**3 + 5*s**2 - 8*s - 8. Let b be w(-5). Calculate the highest common divisor of b and v.
4
Let a be -194*(-40)/88 - 4/22. Let f be 17/(-136) + 2/16. Suppose f = -16*o + 13*o + 24. Calculate the highest common factor of a and o.
8
Suppose -20 = -4*p, -2*p = -3*g - 5*p + 57. Let y = 16 - g. Let j be (12/(-16))/(y/(-64)). What is the highest common factor of j and 24?
24
Suppose -3*r + r + 6 = 0. Suppose r*m = 5*o - 55, 5*o - o - 17 = -3*m. Let n = -623 - -647. What is the greatest common divisor of o and n?
8
Let i = -6376 + 10896. What is the highest common divisor of i and 40?
40
Suppose -h = -p - 433, 5*h + p - 1793 = 354. Suppose 4*t = 5*i + 177, -135 - 40 = -4*t + 3*i. What is the greatest common divisor of t and h?
43
Let j be ((-10)/(-1))/((-4)/(-14)). Let d(y) = -1237*y - 11091. Let a be d(-9). Calculate the highest common divisor of a and j.
7
Let v be (1/1 + 79)*3. Let f(r) = 9*r + 75. Let k be f(-8). Suppose -3*g - k*g = -180. What is the greatest common divisor of v and g?
30
Suppose -2*b - 4*s + 16 = -4*b, -s - 59 = 3*b. Let p = b - -49. Let r be ((-490)/(-343))/(4/434). What is the greatest common divisor of p and r?
31
Let h be 42809/91 - (-3)/(-7) - (3 + -5). Calculate the highest common divisor of h and 1121.
59
Suppose -49*f + 15 = -46*f. Let y be ((-660)/100)/(-3) - (0 - 8/10). What is the greatest common divisor of y and f?
1
Let v be 2/2 - (-72 - 2). Let t = -41739 + 41939. What is the highest common divisor of v and t?
25
Let k = -3 + 7. Suppose 50*o + 26 - 26 = -39*o. Suppose o = 5*d - 3*p - 64, d - k*p + 7*p = 20. Calculate the highest common factor of 14 and d.
14
Let b be (970/(-20) + 6)*84/(-10). Calculate the highest common divisor of b and 28.
7
Let r be (2184/(-112))/(-6*3/4440). Calculate the greatest common divisor of 130 and r.
130
Let o(g) = -22*g**3 - 3*g**2 - 7*g - 6. Let c be o(-1). Calculate the greatest common divisor of c and 13.
1
Suppose 11*j - 15 = 40. Suppose -2*g - j*r - 632 = -1833, r - 1821 = -3*g. What is the greatest common factor of g and 32?
32
Suppose -3*n - x = 5, 2*x + 20 = -4*n - 2*x. Let i be 3 - (-24 - (1 - n)). Let u = i + -17. What is the highest common factor of u and 77?
11
Suppose -2*s - f + 100 = -50, -2*s - 3*f = -162. What is the highest common factor 